{"id":8,"date":"2013-09-26T19:36:46","date_gmt":"2013-09-26T19:36:46","guid":{"rendered":"http:\/\/www.reciclajecuartaregion.cl\/portal\/?page_id=8"},"modified":"2014-01-05T20:54:06","modified_gmt":"2014-01-05T20:54:06","slug":"quienes-somos","status":"publish","type":"page","link":"https:\/\/www.reciclajecuartaregion.cl\/portal\/quienes-somos\/","title":{"rendered":"Quienes Somos"},"content":{"rendered":"<p style=\"text-align: justify;\">Somos un grupo de empresas comprometidas con el medio ambiente. Queremos una regi\u00f3n sustentable donde las empresas y sus habitantes posean una conciencia ambiental y conozcan la gesti\u00f3n de sus residuos para el cuidado del medio ambiente a trav\u00e9s de la informaci\u00f3n y la educaci\u00f3n ambiental.<\/p>\n<p style=\"text-align: justify;\">Ya no es suficiente con que las empresas ofrezcan productos atractivos y de buena calidad. Ahora debemos exigir a las compa\u00f1\u00edas que respeten el medio ambiente y sean \u00e9ticamente responsables. Por eso hemos lanzado el sitio \u201cReciclaje Cuarta Regi\u00f3n \u201d, para que las empresas y los habitantes de la cuarta regi\u00f3n nos contacten y realicen la gesti\u00f3n de sus residuos.<\/p>\n","protected":false},"excerpt":{"rendered":"<p>Somos un grupo de empresas comprometidas con el medio ambiente. Queremos una regi\u00f3n sustentable donde las empresas y sus habitantes posean una conciencia ambiental y conozcan la gesti\u00f3n de sus residuos para el cuidado&#46;&#46;&#46;<\/p>\n","protected":false},"author":1,"featured_media":0,"parent":0,"menu_order":0,"comment_status":"closed","ping_status":"open","template":"","meta":{"footnotes":""},"class_list":["post-8","page","type-page","status-publish","hentry"],"_links":{"self":[{"href":"https:\/\/www.reciclajecuartaregion.cl\/portal\/wp-json\/wp\/v2\/pages\/8","targetHints":{"allow":["GET"]}}],"collection":[{"href":"https:\/\/www.reciclajecuartaregion.cl\/portal\/wp-json\/wp\/v2\/pages"}],"about":[{"href":"https:\/\/www.reciclajecuartaregion.cl\/portal\/wp-json\/wp\/v2\/types\/page"}],"author":[{"embeddable":true,"href":"https:\/\/www.reciclajecuartaregion.cl\/portal\/wp-json\/wp\/v2\/users\/1"}],"replies":[{"embeddable":true,"href":"https:\/\/www.reciclajecuartaregion.cl\/portal\/wp-json\/wp\/v2\/comments?post=8"}],"version-history":[{"count":2,"href":"https:\/\/www.reciclajecuartaregion.cl\/portal\/wp-json\/wp\/v2\/pages\/8\/revisions"}],"predecessor-version":[{"id":44,"href":"https:\/\/www.reciclajecuartaregion.cl\/portal\/wp-json\/wp\/v2\/pages\/8\/revisions\/44"}],"wp:attachment":[{"href":"https:\/\/www.reciclajecuartaregion.cl\/portal\/wp-json\/wp\/v2\/media?parent=8"}],"curies":[{"name":"wp","href":"https:\/\/api.w.org\/{rel}","templated":true}]}}